{"id":7870,"date":"2021-06-10T22:51:38","date_gmt":"2021-06-10T20:51:38","guid":{"rendered":"https:\/\/hervevalez.fr\/?post_type=product&#038;p=7870"},"modified":"2021-06-10T22:51:48","modified_gmt":"2021-06-10T20:51:48","slug":"le-temps-de-la-coupe","status":"publish","type":"product","link":"https:\/\/hervevalez.fr\/?product=le-temps-de-la-coupe","title":{"rendered":"Le temps de la coupe"},"content":{"rendered":"<p>Photo de 2007 transform\u00e9e en \u0153uvre originale ou le temps s&rsquo;est fig\u00e9 pour chaque arbre coup\u00e9 qui saigne sur le bord de la route.<\/p>\n","protected":false},"excerpt":{"rendered":"<p>Photo de 2007 transform\u00e9e en \u0153uvre originale ou le temps s&rsquo;est fig\u00e9 pour chaque arbre coup\u00e9 qui saigne sur le bord de la route.<\/p>\n","protected":false},"featured_media":7871,"template":"","meta":{"jetpack_post_was_ever_published":false},"product_brand":[],"product_cat":[63,18],"product_tag":[],"class_list":{"0":"post-7870","1":"product","2":"type-product","3":"status-publish","4":"has-post-thumbnail","6":"product_cat-impressions","7":"product_cat-deformatee","8":"pa_choix-100x150expedie","9":"pa_choix-60x90exp","10":"pa_choix-80x120expedie","12":"first","13":"instock","14":"shipping-taxable","15":"purchasable","16":"product-type-variable"},"yoast_head":"<!-- This site is optimized with the Yoast SEO plugin v25.5 - https:\/\/yoast.com\/wordpress\/plugins\/seo\/ -->\n<title>Le temps de la coupe - Herve Valez photographie<\/title>\n<meta name=\"robots\" content=\"index, follow, max-snippet:-1, max-image-preview:large, max-video-preview:-1\" \/>\n<link rel=\"canonical\" href=\"https:\/\/hervevalez.fr\/?product=le-temps-de-la-coupe\" \/>\n<meta property=\"og:locale\" content=\"fr_FR\" \/>\n<meta property=\"og:type\" content=\"article\" \/>\n<meta property=\"og:title\" content=\"Le temps de la coupe - Herve Valez photographie\" \/>\n<meta property=\"og:description\" content=\"Photo de 2007 transform\u00e9e en \u0153uvre originale ou le temps s&rsquo;est fig\u00e9 pour chaque arbre coup\u00e9 qui saigne sur le bord de la route.\" \/>\n<meta property=\"og:url\" content=\"https:\/\/hervevalez.fr\/?product=le-temps-de-la-coupe\" \/>\n<meta property=\"og:site_name\" content=\"Herve Valez photographie\" \/>\n<meta property=\"article:modified_time\" content=\"2021-06-10T20:51:48+00:00\" \/>\n<meta property=\"og:image\" content=\"https:\/\/hervevalez.fr\/wp-content\/uploads\/2021\/06\/le-temps-de-la-coupe-1024x683.jpg\" \/>\n\t<meta property=\"og:image:width\" content=\"1024\" \/>\n\t<meta property=\"og:image:height\" content=\"683\" \/>\n\t<meta property=\"og:image:type\" content=\"image\/jpeg\" \/>\n<meta name=\"twitter:label1\" content=\"Dur\u00e9e de lecture estim\u00e9e\" \/>\n\t<meta name=\"twitter:data1\" content=\"1 minute\" \/>\n<script type=\"application\/ld+json\" class=\"yoast-schema-graph\">{\"@context\":\"https:\/\/schema.org\",\"@graph\":[{\"@type\":\"WebPage\",\"@id\":\"https:\/\/hervevalez.fr\/?product=le-temps-de-la-coupe\",\"url\":\"https:\/\/hervevalez.fr\/?product=le-temps-de-la-coupe\",\"name\":\"Le temps de la coupe - Herve Valez photographie\",\"isPartOf\":{\"@id\":\"https:\/\/hervevalez.fr\/#website\"},\"primaryImageOfPage\":{\"@id\":\"https:\/\/hervevalez.fr\/?product=le-temps-de-la-coupe#primaryimage\"},\"image\":{\"@id\":\"https:\/\/hervevalez.fr\/?product=le-temps-de-la-coupe#primaryimage\"},\"thumbnailUrl\":\"https:\/\/i0.wp.com\/hervevalez.fr\/wp-content\/uploads\/2021\/06\/le-temps-de-la-coupe.jpg?fit=8504%2C5669&ssl=1\",\"datePublished\":\"2021-06-10T20:51:38+00:00\",\"dateModified\":\"2021-06-10T20:51:48+00:00\",\"breadcrumb\":{\"@id\":\"https:\/\/hervevalez.fr\/?product=le-temps-de-la-coupe#breadcrumb\"},\"inLanguage\":\"fr-FR\",\"potentialAction\":[{\"@type\":\"ReadAction\",\"target\":[\"https:\/\/hervevalez.fr\/?product=le-temps-de-la-coupe\"]}]},{\"@type\":\"ImageObject\",\"inLanguage\":\"fr-FR\",\"@id\":\"https:\/\/hervevalez.fr\/?product=le-temps-de-la-coupe#primaryimage\",\"url\":\"https:\/\/i0.wp.com\/hervevalez.fr\/wp-content\/uploads\/2021\/06\/le-temps-de-la-coupe.jpg?fit=8504%2C5669&ssl=1\",\"contentUrl\":\"https:\/\/i0.wp.com\/hervevalez.fr\/wp-content\/uploads\/2021\/06\/le-temps-de-la-coupe.jpg?fit=8504%2C5669&ssl=1\",\"width\":8504,\"height\":5669},{\"@type\":\"BreadcrumbList\",\"@id\":\"https:\/\/hervevalez.fr\/?product=le-temps-de-la-coupe#breadcrumb\",\"itemListElement\":[{\"@type\":\"ListItem\",\"position\":1,\"name\":\"Accueil\",\"item\":\"https:\/\/hervevalez.fr\/\"},{\"@type\":\"ListItem\",\"position\":2,\"name\":\"Galerie\",\"item\":\"https:\/\/hervevalez.fr\/?page_id=194\"},{\"@type\":\"ListItem\",\"position\":3,\"name\":\"Le temps de la coupe\"}]},{\"@type\":\"WebSite\",\"@id\":\"https:\/\/hervevalez.fr\/#website\",\"url\":\"https:\/\/hervevalez.fr\/\",\"name\":\"Herve Valez photographie\",\"description\":\"Galerie des photos d&#039;art du photographe Herv\u00e9 Valez\",\"potentialAction\":[{\"@type\":\"SearchAction\",\"target\":{\"@type\":\"EntryPoint\",\"urlTemplate\":\"https:\/\/hervevalez.fr\/?s={search_term_string}\"},\"query-input\":{\"@type\":\"PropertyValueSpecification\",\"valueRequired\":true,\"valueName\":\"search_term_string\"}}],\"inLanguage\":\"fr-FR\"}]}<\/script>\n<!-- \/ Yoast SEO plugin. -->","yoast_head_json":{"title":"Le temps de la coupe - Herve Valez photographie","robots":{"index":"index","follow":"follow","max-snippet":"max-snippet:-1","max-image-preview":"max-image-preview:large","max-video-preview":"max-video-preview:-1"},"canonical":"https:\/\/hervevalez.fr\/?product=le-temps-de-la-coupe","og_locale":"fr_FR","og_type":"article","og_title":"Le temps de la coupe - Herve Valez photographie","og_description":"Photo de 2007 transform\u00e9e en \u0153uvre originale ou le temps s&rsquo;est fig\u00e9 pour chaque arbre coup\u00e9 qui saigne sur le bord de la route.","og_url":"https:\/\/hervevalez.fr\/?product=le-temps-de-la-coupe","og_site_name":"Herve Valez photographie","article_modified_time":"2021-06-10T20:51:48+00:00","og_image":[{"width":1024,"height":683,"url":"https:\/\/hervevalez.fr\/wp-content\/uploads\/2021\/06\/le-temps-de-la-coupe-1024x683.jpg","type":"image\/jpeg"}],"twitter_misc":{"Dur\u00e9e de lecture estim\u00e9e":"1 minute"},"schema":{"@context":"https:\/\/schema.org","@graph":[{"@type":"WebPage","@id":"https:\/\/hervevalez.fr\/?product=le-temps-de-la-coupe","url":"https:\/\/hervevalez.fr\/?product=le-temps-de-la-coupe","name":"Le temps de la coupe - Herve Valez photographie","isPartOf":{"@id":"https:\/\/hervevalez.fr\/#website"},"primaryImageOfPage":{"@id":"https:\/\/hervevalez.fr\/?product=le-temps-de-la-coupe#primaryimage"},"image":{"@id":"https:\/\/hervevalez.fr\/?product=le-temps-de-la-coupe#primaryimage"},"thumbnailUrl":"https:\/\/i0.wp.com\/hervevalez.fr\/wp-content\/uploads\/2021\/06\/le-temps-de-la-coupe.jpg?fit=8504%2C5669&ssl=1","datePublished":"2021-06-10T20:51:38+00:00","dateModified":"2021-06-10T20:51:48+00:00","breadcrumb":{"@id":"https:\/\/hervevalez.fr\/?product=le-temps-de-la-coupe#breadcrumb"},"inLanguage":"fr-FR","potentialAction":[{"@type":"ReadAction","target":["https:\/\/hervevalez.fr\/?product=le-temps-de-la-coupe"]}]},{"@type":"ImageObject","inLanguage":"fr-FR","@id":"https:\/\/hervevalez.fr\/?product=le-temps-de-la-coupe#primaryimage","url":"https:\/\/i0.wp.com\/hervevalez.fr\/wp-content\/uploads\/2021\/06\/le-temps-de-la-coupe.jpg?fit=8504%2C5669&ssl=1","contentUrl":"https:\/\/i0.wp.com\/hervevalez.fr\/wp-content\/uploads\/2021\/06\/le-temps-de-la-coupe.jpg?fit=8504%2C5669&ssl=1","width":8504,"height":5669},{"@type":"BreadcrumbList","@id":"https:\/\/hervevalez.fr\/?product=le-temps-de-la-coupe#breadcrumb","itemListElement":[{"@type":"ListItem","position":1,"name":"Accueil","item":"https:\/\/hervevalez.fr\/"},{"@type":"ListItem","position":2,"name":"Galerie","item":"https:\/\/hervevalez.fr\/?page_id=194"},{"@type":"ListItem","position":3,"name":"Le temps de la coupe"}]},{"@type":"WebSite","@id":"https:\/\/hervevalez.fr\/#website","url":"https:\/\/hervevalez.fr\/","name":"Herve Valez photographie","description":"Galerie des photos d&#039;art du photographe Herv\u00e9 Valez","potentialAction":[{"@type":"SearchAction","target":{"@type":"EntryPoint","urlTemplate":"https:\/\/hervevalez.fr\/?s={search_term_string}"},"query-input":{"@type":"PropertyValueSpecification","valueRequired":true,"valueName":"search_term_string"}}],"inLanguage":"fr-FR"}]}},"jetpack_sharing_enabled":true,"jetpack_likes_enabled":true,"jetpack-related-posts":[],"_links":{"self":[{"href":"https:\/\/hervevalez.fr\/index.php?rest_route=\/wp\/v2\/product\/7870","targetHints":{"allow":["GET"]}}],"collection":[{"href":"https:\/\/hervevalez.fr\/index.php?rest_route=\/wp\/v2\/product"}],"about":[{"href":"https:\/\/hervevalez.fr\/index.php?rest_route=\/wp\/v2\/types\/product"}],"wp:featuredmedia":[{"embeddable":true,"href":"https:\/\/hervevalez.fr\/index.php?rest_route=\/wp\/v2\/media\/7871"}],"wp:attachment":[{"href":"https:\/\/hervevalez.fr\/index.php?rest_route=%2Fwp%2Fv2%2Fmedia&parent=7870"}],"wp:term":[{"taxonomy":"product_brand","embeddable":true,"href":"https:\/\/hervevalez.fr\/index.php?rest_route=%2Fwp%2Fv2%2Fproduct_brand&post=7870"},{"taxonomy":"product_cat","embeddable":true,"href":"https:\/\/hervevalez.fr\/index.php?rest_route=%2Fwp%2Fv2%2Fproduct_cat&post=7870"},{"taxonomy":"product_tag","embeddable":true,"href":"https:\/\/hervevalez.fr\/index.php?rest_route=%2Fwp%2Fv2%2Fproduct_tag&post=7870"}],"curies":[{"name":"wp","href":"https:\/\/api.w.org\/{rel}","templated":true}]}}

<p>Photo de 2007 transformée en œuvre originale ou le temps s&rsquo;est figé pour chaque arbre coupé qui saigne sur le bord de la route.</p>

<!-- This site is optimized with the Yoast SEO plugin v25.5 - https://yoast.com/wordpress/plugins/seo/ -->
<title>Le temps de la coupe - Herve Valez photographie</title>
<meta name="robots" content="index, follow, max-snippet:-1, max-image-preview:large, max-video-preview:-1" />
<link rel="canonical" href="https://hervevalez.fr/?product=le-temps-de-la-coupe" />
<meta property="og:locale" content="fr_FR" />
<meta property="og:type" content="article" />
<meta property="og:title" content="Le temps de la coupe - Herve Valez photographie" />
<meta property="og:description" content="Photo de 2007 transformée en œuvre originale ou le temps s&rsquo;est figé pour chaque arbre coupé qui saigne sur le bord de la route." />
<meta property="og:url" content="https://hervevalez.fr/?product=le-temps-de-la-coupe" />
<meta property="og:site_name" content="Herve Valez photographie" />
<meta property="article:modified_time" content="2021-06-10T20:51:48+00:00" />
<meta property="og:image" content="https://hervevalez.fr/wp-content/uploads/2021/06/le-temps-de-la-coupe-1024x683.jpg" />
	<meta property="og:image:width" content="1024" />
	<meta property="og:image:height" content="683" />
	<meta property="og:image:type" content="image/jpeg" />
<meta name="twitter:label1" content="Durée de lecture estimée" />
	<meta name="twitter:data1" content="1 minute" />
<script type="application/ld+json" class="yoast-schema-graph">{"@context":"https://schema.org","@graph":[{"@type":"WebPage","@id":"https://hervevalez.fr/?product=le-temps-de-la-coupe","url":"https://hervevalez.fr/?product=le-temps-de-la-coupe","name":"Le temps de la coupe - Herve Valez photographie","isPartOf":{"@id":"https://hervevalez.fr/#website"},"primaryImageOfPage":{"@id":"https://hervevalez.fr/?product=le-temps-de-la-coupe#primaryimage"},"image":{"@id":"https://hervevalez.fr/?product=le-temps-de-la-coupe#primaryimage"},"thumbnailUrl":"https://i0.wp.com/hervevalez.fr/wp-content/uploads/2021/06/le-temps-de-la-coupe.jpg?fit=8504%2C5669&ssl=1","datePublished":"2021-06-10T20:51:38+00:00","dateModified":"2021-06-10T20:51:48+00:00","breadcrumb":{"@id":"https://hervevalez.fr/?product=le-temps-de-la-coupe#breadcrumb"},"inLanguage":"fr-FR","potentialAction":[{"@type":"ReadAction","target":["https://hervevalez.fr/?product=le-temps-de-la-coupe"]}]},{"@type":"ImageObject","inLanguage":"fr-FR","@id":"https://hervevalez.fr/?product=le-temps-de-la-coupe#primaryimage","url":"https://i0.wp.com/hervevalez.fr/wp-content/uploads/2021/06/le-temps-de-la-coupe.jpg?fit=8504%2C5669&ssl=1","contentUrl":"https://i0.wp.com/hervevalez.fr/wp-content/uploads/2021/06/le-temps-de-la-coupe.jpg?fit=8504%2C5669&ssl=1","width":8504,"height":5669},{"@type":"BreadcrumbList","@id":"https://hervevalez.fr/?product=le-temps-de-la-coupe#breadcrumb","itemListElement":[{"@type":"ListItem","position":1,"name":"Accueil","item":"https://hervevalez.fr/"},{"@type":"ListItem","position":2,"name":"Galerie","item":"https://hervevalez.fr/?page_id=194"},{"@type":"ListItem","position":3,"name":"Le temps de la coupe"}]},{"@type":"WebSite","@id":"https://hervevalez.fr/#website","url":"https://hervevalez.fr/","name":"Herve Valez photographie","description":"Galerie des photos d&#039;art du photographe Hervé Valez","potentialAction":[{"@type":"SearchAction","target":{"@type":"EntryPoint","urlTemplate":"https://hervevalez.fr/?s={search_term_string}"},"query-input":{"@type":"PropertyValueSpecification","valueRequired":true,"valueName":"search_term_string"}}],"inLanguage":"fr-FR"}]}</script>
<!-- / Yoast SEO plugin. -->

Photo de 2007 transformée en œuvre originale ou le temps s&rsquo;est figé pour chaque arbre coupé qui saigne sur le bord de la route.

Galerie des photos d&#039;art du photographe Hervé Valez
