{"id":411,"date":"2017-10-18T23:05:43","date_gmt":"2017-10-18T21:05:43","guid":{"rendered":"http:\/\/hervevalez.fr\/?post_type=product&#038;p=411"},"modified":"2021-06-03T14:57:20","modified_gmt":"2021-06-03T12:57:20","slug":"surface-2017","status":"publish","type":"product","link":"https:\/\/hervevalez.fr\/?product=surface-2017","title":{"rendered":"Surface"},"content":{"rendered":"<p>\u00ab\u00a0SURFACE\u00a0\u00bb \u00a92017 est une \u0153uvre grand format tir\u00e9e sur papier Fine Art contrecoll\u00e9 sur Alu-Dibond et sign\u00e9e. Elle est disponible en plusieurs tailles, du 80x120cm au 120x180cm. Tirages limit\u00e9s \u00e0 10 exemplaires tous formats confondus.<br \/>\nFormat et livraison au choix. Voir <a href=\"http:\/\/hervevalez.fr\/conditions\/\">conditions<\/a><\/p>\n<p>Pr\u00e9sentation:<img data-recalc-dims=\"1\" loading=\"lazy\" decoding=\"async\" data-attachment-id=\"647\" data-permalink=\"https:\/\/hervevalez.fr\/?attachment_id=647\" data-orig-file=\"https:\/\/i0.wp.com\/hervevalez.fr\/wp-content\/uploads\/2017\/10\/Presentation-Surface.jpg?fit=1200%2C900&amp;ssl=1\" data-orig-size=\"1200,900\" data-comments-opened=\"1\" data-image-meta=\"{&quot;aperture&quot;:&quot;0&quot;,&quot;credit&quot;:&quot;&quot;,&quot;camera&quot;:&quot;&quot;,&quot;caption&quot;:&quot;&quot;,&quot;created_timestamp&quot;:&quot;0&quot;,&quot;copyright&quot;:&quot;Dmitry Koksharov&quot;,&quot;focal_length&quot;:&quot;0&quot;,&quot;iso&quot;:&quot;0&quot;,&quot;shutter_speed&quot;:&quot;0&quot;,&quot;title&quot;:&quot;&quot;,&quot;orientation&quot;:&quot;0&quot;}\" data-image-title=\"Presentation-Surface\" data-image-description=\"\" data-image-caption=\"\" data-medium-file=\"https:\/\/i0.wp.com\/hervevalez.fr\/wp-content\/uploads\/2017\/10\/Presentation-Surface.jpg?fit=300%2C225&amp;ssl=1\" data-large-file=\"https:\/\/i0.wp.com\/hervevalez.fr\/wp-content\/uploads\/2017\/10\/Presentation-Surface.jpg?fit=980%2C735&amp;ssl=1\" class=\"alignnone size-medium wp-image-647\" src=\"https:\/\/i0.wp.com\/hervevalez.fr\/wp-content\/uploads\/2017\/10\/Presentation-Surface.jpg?resize=600%2C400\" alt=\"\" width=\"600\" height=\"400\" \/><\/p>\n","protected":false},"excerpt":{"rendered":"<p>\u00ab\u00a0Surface\u00a0\u00bb est r\u00e9alis\u00e9e en 10 exemplaires<br \/>\n<a href=\"http:\/\/hervevalez.fr\/wp-content\/uploads\/2017\/10\/surface-img777-vignette201780x120-140x210.jpg\"><img loading=\"lazy\" decoding=\"async\" class=\"alignnone size-medium wp-image-412\" src=\"http:\/\/hervevalez.fr\/wp-content\/uploads\/2017\/10\/surface-img777-vignette201780x120-140x210-196x300.jpg\" alt=\"\" width=\"196\" height=\"300\" srcset=\"https:\/\/i0.wp.com\/hervevalez.fr\/wp-content\/uploads\/2017\/10\/surface-img777-vignette201780x120-140x210.jpg?resize=196%2C300&amp;ssl=1 196w, https:\/\/i0.wp.com\/hervevalez.fr\/wp-content\/uploads\/2017\/10\/surface-img777-vignette201780x120-140x210.jpg?w=300&amp;ssl=1 300w\" sizes=\"auto, (max-width: 196px) 100vw, 196px\" \/><\/a><\/p>\n","protected":false},"featured_media":498,"template":"","meta":{"jetpack_post_was_ever_published":false},"product_brand":[],"product_cat":[21,18],"product_tag":[],"class_list":{"0":"post-411","1":"product","2":"type-product","3":"status-publish","4":"has-post-thumbnail","6":"product_cat-les-marines","7":"product_cat-deformatee","8":"pa_choix-100x150expedie","9":"pa_choix-100x150reserve","10":"pa_choix-120x180expedie","11":"pa_choix-120x180reserve","12":"pa_choix-80x120expedie","13":"pa_choix-80x120reserve","15":"first","16":"instock","17":"shipping-taxable","18":"purchasable","19":"product-type-variable"},"yoast_head":"<!-- This site is optimized with the Yoast SEO plugin v25.5 - https:\/\/yoast.com\/wordpress\/plugins\/seo\/ -->\n<title>Surface - Herve Valez photographie<\/title>\n<meta name=\"robots\" content=\"index, follow, max-snippet:-1, max-image-preview:large, max-video-preview:-1\" \/>\n<link rel=\"canonical\" href=\"https:\/\/hervevalez.fr\/?product=surface-2017\" \/>\n<meta property=\"og:locale\" content=\"fr_FR\" \/>\n<meta property=\"og:type\" content=\"article\" \/>\n<meta property=\"og:title\" content=\"Surface - Herve Valez photographie\" \/>\n<meta property=\"og:description\" content=\"&quot;Surface&quot; est r\u00e9alis\u00e9e en 10 exemplaires\" \/>\n<meta property=\"og:url\" content=\"https:\/\/hervevalez.fr\/?product=surface-2017\" \/>\n<meta property=\"og:site_name\" content=\"Herve Valez photographie\" \/>\n<meta property=\"article:modified_time\" content=\"2021-06-03T12:57:20+00:00\" \/>\n<meta property=\"og:image\" content=\"https:\/\/hervevalez.fr\/wp-content\/uploads\/2017\/10\/Surface.jpg\" \/>\n\t<meta property=\"og:image:width\" content=\"588\" \/>\n\t<meta property=\"og:image:height\" content=\"900\" \/>\n\t<meta property=\"og:image:type\" content=\"image\/jpeg\" \/>\n<script type=\"application\/ld+json\" class=\"yoast-schema-graph\">{\"@context\":\"https:\/\/schema.org\",\"@graph\":[{\"@type\":\"WebPage\",\"@id\":\"https:\/\/hervevalez.fr\/?product=surface-2017\",\"url\":\"https:\/\/hervevalez.fr\/?product=surface-2017\",\"name\":\"Surface - Herve Valez photographie\",\"isPartOf\":{\"@id\":\"https:\/\/hervevalez.fr\/#website\"},\"primaryImageOfPage\":{\"@id\":\"https:\/\/hervevalez.fr\/?product=surface-2017#primaryimage\"},\"image\":{\"@id\":\"https:\/\/hervevalez.fr\/?product=surface-2017#primaryimage\"},\"thumbnailUrl\":\"https:\/\/i0.wp.com\/hervevalez.fr\/wp-content\/uploads\/2017\/10\/Surface.jpg?fit=588%2C900&ssl=1\",\"datePublished\":\"2017-10-18T21:05:43+00:00\",\"dateModified\":\"2021-06-03T12:57:20+00:00\",\"breadcrumb\":{\"@id\":\"https:\/\/hervevalez.fr\/?product=surface-2017#breadcrumb\"},\"inLanguage\":\"fr-FR\",\"potentialAction\":[{\"@type\":\"ReadAction\",\"target\":[\"https:\/\/hervevalez.fr\/?product=surface-2017\"]}]},{\"@type\":\"ImageObject\",\"inLanguage\":\"fr-FR\",\"@id\":\"https:\/\/hervevalez.fr\/?product=surface-2017#primaryimage\",\"url\":\"https:\/\/i0.wp.com\/hervevalez.fr\/wp-content\/uploads\/2017\/10\/Surface.jpg?fit=588%2C900&ssl=1\",\"contentUrl\":\"https:\/\/i0.wp.com\/hervevalez.fr\/wp-content\/uploads\/2017\/10\/Surface.jpg?fit=588%2C900&ssl=1\",\"width\":588,\"height\":900},{\"@type\":\"BreadcrumbList\",\"@id\":\"https:\/\/hervevalez.fr\/?product=surface-2017#breadcrumb\",\"itemListElement\":[{\"@type\":\"ListItem\",\"position\":1,\"name\":\"Accueil\",\"item\":\"https:\/\/hervevalez.fr\/\"},{\"@type\":\"ListItem\",\"position\":2,\"name\":\"Galerie\",\"item\":\"https:\/\/hervevalez.fr\/?page_id=194\"},{\"@type\":\"ListItem\",\"position\":3,\"name\":\"Surface\"}]},{\"@type\":\"WebSite\",\"@id\":\"https:\/\/hervevalez.fr\/#website\",\"url\":\"https:\/\/hervevalez.fr\/\",\"name\":\"Herve Valez photographie\",\"description\":\"Galerie des photos d&#039;art du photographe Herv\u00e9 Valez\",\"potentialAction\":[{\"@type\":\"SearchAction\",\"target\":{\"@type\":\"EntryPoint\",\"urlTemplate\":\"https:\/\/hervevalez.fr\/?s={search_term_string}\"},\"query-input\":{\"@type\":\"PropertyValueSpecification\",\"valueRequired\":true,\"valueName\":\"search_term_string\"}}],\"inLanguage\":\"fr-FR\"}]}<\/script>\n<!-- \/ Yoast SEO plugin. -->","yoast_head_json":{"title":"Surface - Herve Valez photographie","robots":{"index":"index","follow":"follow","max-snippet":"max-snippet:-1","max-image-preview":"max-image-preview:large","max-video-preview":"max-video-preview:-1"},"canonical":"https:\/\/hervevalez.fr\/?product=surface-2017","og_locale":"fr_FR","og_type":"article","og_title":"Surface - Herve Valez photographie","og_description":"\"Surface\" est r\u00e9alis\u00e9e en 10 exemplaires","og_url":"https:\/\/hervevalez.fr\/?product=surface-2017","og_site_name":"Herve Valez photographie","article_modified_time":"2021-06-03T12:57:20+00:00","og_image":[{"width":588,"height":900,"url":"https:\/\/hervevalez.fr\/wp-content\/uploads\/2017\/10\/Surface.jpg","type":"image\/jpeg"}],"schema":{"@context":"https:\/\/schema.org","@graph":[{"@type":"WebPage","@id":"https:\/\/hervevalez.fr\/?product=surface-2017","url":"https:\/\/hervevalez.fr\/?product=surface-2017","name":"Surface - Herve Valez photographie","isPartOf":{"@id":"https:\/\/hervevalez.fr\/#website"},"primaryImageOfPage":{"@id":"https:\/\/hervevalez.fr\/?product=surface-2017#primaryimage"},"image":{"@id":"https:\/\/hervevalez.fr\/?product=surface-2017#primaryimage"},"thumbnailUrl":"https:\/\/i0.wp.com\/hervevalez.fr\/wp-content\/uploads\/2017\/10\/Surface.jpg?fit=588%2C900&ssl=1","datePublished":"2017-10-18T21:05:43+00:00","dateModified":"2021-06-03T12:57:20+00:00","breadcrumb":{"@id":"https:\/\/hervevalez.fr\/?product=surface-2017#breadcrumb"},"inLanguage":"fr-FR","potentialAction":[{"@type":"ReadAction","target":["https:\/\/hervevalez.fr\/?product=surface-2017"]}]},{"@type":"ImageObject","inLanguage":"fr-FR","@id":"https:\/\/hervevalez.fr\/?product=surface-2017#primaryimage","url":"https:\/\/i0.wp.com\/hervevalez.fr\/wp-content\/uploads\/2017\/10\/Surface.jpg?fit=588%2C900&ssl=1","contentUrl":"https:\/\/i0.wp.com\/hervevalez.fr\/wp-content\/uploads\/2017\/10\/Surface.jpg?fit=588%2C900&ssl=1","width":588,"height":900},{"@type":"BreadcrumbList","@id":"https:\/\/hervevalez.fr\/?product=surface-2017#breadcrumb","itemListElement":[{"@type":"ListItem","position":1,"name":"Accueil","item":"https:\/\/hervevalez.fr\/"},{"@type":"ListItem","position":2,"name":"Galerie","item":"https:\/\/hervevalez.fr\/?page_id=194"},{"@type":"ListItem","position":3,"name":"Surface"}]},{"@type":"WebSite","@id":"https:\/\/hervevalez.fr\/#website","url":"https:\/\/hervevalez.fr\/","name":"Herve Valez photographie","description":"Galerie des photos d&#039;art du photographe Herv\u00e9 Valez","potentialAction":[{"@type":"SearchAction","target":{"@type":"EntryPoint","urlTemplate":"https:\/\/hervevalez.fr\/?s={search_term_string}"},"query-input":{"@type":"PropertyValueSpecification","valueRequired":true,"valueName":"search_term_string"}}],"inLanguage":"fr-FR"}]}},"jetpack_sharing_enabled":true,"jetpack_likes_enabled":true,"jetpack-related-posts":[],"_links":{"self":[{"href":"https:\/\/hervevalez.fr\/index.php?rest_route=\/wp\/v2\/product\/411","targetHints":{"allow":["GET"]}}],"collection":[{"href":"https:\/\/hervevalez.fr\/index.php?rest_route=\/wp\/v2\/product"}],"about":[{"href":"https:\/\/hervevalez.fr\/index.php?rest_route=\/wp\/v2\/types\/product"}],"wp:featuredmedia":[{"embeddable":true,"href":"https:\/\/hervevalez.fr\/index.php?rest_route=\/wp\/v2\/media\/498"}],"wp:attachment":[{"href":"https:\/\/hervevalez.fr\/index.php?rest_route=%2Fwp%2Fv2%2Fmedia&parent=411"}],"wp:term":[{"taxonomy":"product_brand","embeddable":true,"href":"https:\/\/hervevalez.fr\/index.php?rest_route=%2Fwp%2Fv2%2Fproduct_brand&post=411"},{"taxonomy":"product_cat","embeddable":true,"href":"https:\/\/hervevalez.fr\/index.php?rest_route=%2Fwp%2Fv2%2Fproduct_cat&post=411"},{"taxonomy":"product_tag","embeddable":true,"href":"https:\/\/hervevalez.fr\/index.php?rest_route=%2Fwp%2Fv2%2Fproduct_tag&post=411"}],"curies":[{"name":"wp","href":"https:\/\/api.w.org\/{rel}","templated":true}]}}